--
-- Host: localhost    Database: sviet_syncronet
-- ------------------------------------------------------


--
-- Table structure for table `auth_group`
--

CREATE TABLE `auth_group` (
  `id` int(11) NOT NULL AUTO_INCREMENT,
  `name` varchar(80) NOT NULL,
  PRIMARY KEY (`id`),
  UNIQUE KEY `name` (`name`)
) ENGINE=MyISAM DEFAULT CHARSET=utf8;

--
-- Dumping data for table `auth_group`
--


--
-- Table structure for table `auth_group_permissions`
--

CREATE TABLE `auth_group_permissions` (
  `id` int(11) NOT NULL AUTO_INCREMENT,
  `group_id` int(11) NOT NULL,
  `permission_id` int(11) NOT NULL,
  PRIMARY KEY (`id`),
  UNIQUE KEY `group_id` (`group_id`,`permission_id`),
  KEY `auth_group_permissions_425ae3c4` (`group_id`),
  KEY `auth_group_permissions_1e014c8f` (`permission_id`)
) ENGINE=MyISAM DEFAULT CHARSET=utf8;

--
-- Dumping data for table `auth_group_permissions`
--


--
-- Table structure for table `auth_permission`
--

CREATE TABLE `auth_permission` (
  `id` int(11) NOT NULL AUTO_INCREMENT,
  `name` varchar(50) NOT NULL,
  `content_type_id` int(11) NOT NULL,
  `codename` varchar(100) NOT NULL,
  PRIMARY KEY (`id`),
  UNIQUE KEY `content_type_id` (`content_type_id`,`codename`),
  KEY `auth_permission_1bb8f392` (`content_type_id`)
) ENGINE=MyISAM AUTO_INCREMENT=37 DEFAULT CHARSET=utf8;

--
-- Dumping data for table `auth_permission`
--

INSERT INTO `auth_permission` VALUES (1,'Can add permission',1,'add_permission'),(2,'Can change permission',1,'change_permission'),(3,'Can delete permission',1,'delete_permission'),(4,'Can add group',2,'add_group'),(5,'Can change group',2,'change_group'),(6,'Can delete group',2,'delete_group'),(7,'Can add user',3,'add_user'),(8,'Can change user',3,'change_user'),(9,'Can delete user',3,'delete_user'),(10,'Can add content type',4,'add_contenttype'),(11,'Can change content type',4,'change_contenttype'),(12,'Can delete content type',4,'delete_contenttype'),(13,'Can add session',5,'add_session'),(14,'Can change session',5,'change_session'),(15,'Can delete session',5,'delete_session'),(16,'Can add site',6,'add_site'),(17,'Can change site',6,'change_site'),(18,'Can delete site',6,'delete_site'),(19,'Can add registration profile',7,'add_registrationprofile'),(20,'Can change registration profile',7,'change_registrationprofile'),(21,'Can delete registration profile',7,'delete_registrationprofile'),(22,'Can add log entry',8,'add_logentry'),(23,'Can change log entry',8,'change_logentry'),(24,'Can delete log entry',8,'delete_logentry'),(25,'Can add category',9,'add_category'),(26,'Can change category',9,'change_category'),(27,'Can delete category',9,'delete_category'),(28,'Can add prediction',10,'add_prediction'),(29,'Can change prediction',10,'change_prediction'),(30,'Can delete prediction',10,'delete_prediction'),(31,'Can add saved prediction',11,'add_savedprediction'),(32,'Can change saved prediction',11,'change_savedprediction'),(33,'Can delete saved prediction',11,'delete_savedprediction'),(34,'Can add migration history',12,'add_migrationhistory'),(35,'Can change migration history',12,'change_migrationhistory'),(36,'Can delete migration history',12,'delete_migrationhistory');

--
-- Table structure for table `auth_user_groups`
--

CREATE TABLE `auth_user_groups` (
  `id` int(11) NOT NULL AUTO_INCREMENT,
  `user_id` int(11) NOT NULL,
  `group_id` int(11) NOT NULL,
  PRIMARY KEY (`id`),
  UNIQUE KEY `user_id` (`user_id`,`group_id`),
  KEY `auth_user_groups_403f60f` (`user_id`),
  KEY `auth_user_groups_425ae3c4` (`group_id`)
) ENGINE=MyISAM DEFAULT CHARSET=utf8;

--
-- Dumping data for table `auth_user_groups`
--


--
-- Table structure for table `auth_user_user_permissions`
--

CREATE TABLE `auth_user_user_permissions` (
  `id` int(11) NOT NULL AUTO_INCREMENT,
  `user_id` int(11) NOT NULL,
  `permission_id` int(11) NOT NULL,
  PRIMARY KEY (`id`),
  UNIQUE KEY `user_id` (`user_id`,`permission_id`),
  KEY `auth_user_user_permissions_403f60f` (`user_id`),
  KEY `auth_user_user_permissions_1e014c8f` (`permission_id`)
) ENGINE=MyISAM DEFAULT CHARSET=utf8;

--
-- Dumping data for table `auth_user_user_permissions`
--


--
-- Table structure for table `django_admin_log`
--

CREATE TABLE `django_admin_log` (
  `id` int(11) NOT NULL AUTO_INCREMENT,
  `action_time` datetime NOT NULL,
  `user_id` int(11) NOT NULL,
  `content_type_id` int(11) DEFAULT NULL,
  `object_id` longtext,
  `object_repr` varchar(200) NOT NULL,
  `action_flag` smallint(5) unsigned NOT NULL,
  `change_message` longtext NOT NULL,
  PRIMARY KEY (`id`),
  KEY `django_admin_log_403f60f` (`user_id`),
  KEY `django_admin_log_1bb8f392` (`content_type_id`)
) ENGINE=MyISAM AUTO_INCREMENT=109 DEFAULT CHARSET=utf8;

--
-- Dumping data for table `django_admin_log`
--

INSERT INTO `django_admin_log` VALUES (1,'2012-08-25 17:37:38',1,10,'1','Если в начале самоописания наличествует эпатажное сообщение, мифопоэтическое пространство потенциально. Аллегория просветляет былинный символ, об этом свидетельствуют краткость и завершенность формы, ',2,'Изменен text.'),(2,'2012-08-26 09:40:27',1,9,'6','Категория 6',1,''),(3,'2012-08-26 11:58:50',12,10,'5','asdf ',2,'Изменен text.'),(4,'2012-09-23 17:18:54',12,9,'7','Категория 7',1,''),(5,'2012-09-23 17:19:19',12,10,'12','Тестовое предсказание',1,''),(6,'2012-09-26 20:14:45',12,10,'12','Тестовое предсказание #1',2,'Изменен text.'),(7,'2012-09-26 20:25:17',12,10,'13','Тест № 2',1,''),(8,'2012-09-26 20:25:41',12,10,'13','Тест № 3',2,'Изменен index1 и text.'),(9,'2012-09-26 20:26:41',12,10,'14','тест №2',1,''),(10,'2012-09-28 08:40:08',12,10,'15','Диск \"Зерно\". Прямой, первый дом.\r\n\r\nНа этом диске происходит зарождение чего-то нового - начинания, проекта, отношений, семьи, обучения, поездки.. Все вещи в мире с чего-то начинаются, к какого-то ма',1,''),(11,'2012-09-28 08:42:03',12,10,'12','Тестовое предсказание #1',3,''),(12,'2012-09-28 08:44:23',12,10,'15','Диск \"Зерно\". Прямой, первый дом.\r\n\r\nНачало нового, постепенное прорастание в жизни благоприятного начинания, которое изменит к лучшему личность, характер и часто внешность человека.\r\n_______\r\n\r\nНа эт',2,'Изменен text.'),(13,'2012-09-28 08:44:38',12,10,'15','Начало нового, постепенное прорастание в жизни благоприятного начинания, которое изменит к лучшему личность, характер и часто внешность человека.\r\n_______\r\n\r\nНа этом диске происходит зарождение чего-т',2,'Изменен text.'),(14,'2012-09-28 08:47:28',12,10,'15','Начало нового, постепенное прорастание в жизни благоприятного начинания, которое изменит к лучшему личность, характер и часто внешность человека.\r\n_______\r\n\r\nНа этом диске происходит зарождение чего-т',2,'Изменен text.'),(15,'2012-09-28 08:48:05',12,10,'15','Начало нового, постепенное прорастание в жизни благоприятного начинания, которое изменит к лучшему личность, характер и, часто, внешность человека, его манеры и стиль поведения.\r\n_______\r\n\r\nНа этом ди',2,'Изменен text.'),(16,'2012-09-28 08:49:22',12,10,'15','Начало нового, постепенное прорастание в жизни благоприятного начинания, которое изменит к лучшему личность, характер и, часто, внешность человека, его манеры и стиль поведения.\r\n_______\r\n\r\nНа этом ди',2,'Ни одно поле не изменено.'),(17,'2012-09-28 08:59:55',12,10,'16','Начало нового, постепенное прорастание в жизни благоприятного начинания, которое изменит отношение человека к своим ресурсам (ко времени, к усилиям, к деньгам, к имуществу и т.д.), принесет новые ресу',1,''),(18,'2012-09-28 09:11:39',12,10,'16','Начало нового, постепенное прорастание в жизни благоприятного начинания, которое изменит отношение человека к своим ресурсам (ко времени, к усилиям, к деньгам, к имуществу и т.д.), принесет новые ресу',2,'Изменен text.'),(19,'2012-09-28 09:12:46',12,10,'16','Начало нового, постепенное прорастание в жизни благоприятного начинания, которое изменит отношение человека к своим ресурсам (ко времени, к усилиям, к деньгам, к имуществу и т.д.), принесет новые ресу',2,'Ни одно поле не изменено.'),(20,'2012-09-28 09:20:05',12,10,'17','Начало нового, постепенное прорастание в жизни благоприятного начинания, которое изменит круг общения, а также может принести полезную информацию или не слишком далекую поездку.\r\n_______\r\n\r\nНа этом ди',1,''),(21,'2012-09-28 17:57:04',12,10,'17','Начало нового, постепенное прорастание в жизни благоприятного начинания, которое изменит круг общения, а также может принести полезную информацию или не слишком далекую поездку.\r\n_______\r\n\r\nНа этом ди',2,'Изменен index1.'),(22,'2012-09-28 17:57:33',12,10,'15','Начало нового, постепенное прорастание в жизни благоприятного начинания, которое изменит к лучшему личность, характер и, часто, внешность человека, его манеры и стиль поведения.\r\n_______\r\n\r\nНа этом ди',2,'Изменен index1.'),(23,'2012-09-28 17:57:55',12,10,'16','Начало нового, постепенное прорастание в жизни благоприятного начинания, которое изменит отношение человека к своим ресурсам (ко времени, к усилиям, к деньгам, к имуществу и т.д.), принесет новые ресу',2,'Изменен index1.'),(24,'2012-09-28 18:00:13',12,10,'14','тест №2',3,''),(25,'2012-09-28 18:00:13',12,10,'13','Тест № 3',3,''),(26,'2013-02-14 04:27:33',12,10,'1','Если в начале самоописания наличествует эпатажное сообщение, мифопоэтическое пространство потенциально. Аллегория просветляет былинный символ, об этом свидетельствуют краткость и завершенность формы, ',2,'Изменен audio.'),(27,'2013-02-14 04:53:23',12,10,'8','Диск 150, дом 1',2,'Изменен audio.'),(28,'2013-02-14 05:19:24',12,10,'19','Диск 129, дом 17 (кат. 3)',1,''),(29,'2013-02-14 11:51:23',12,10,'20','Диск 130, дом 21 (кат. 1)',1,''),(30,'2013-02-15 15:37:33',12,10,'1','Диск 1, дом 1 (кат. 1)',2,'Изменен audio.'),(31,'2013-02-15 15:37:37',12,10,'22','Диск 1, дом 2 (кат. 1)',2,'Изменен audio.'),(32,'2013-02-15 15:37:39',12,10,'20','Диск 130, дом 21 (кат. 1)',2,'Изменен audio.'),(33,'2013-02-15 15:37:52',12,10,'8','Диск 150, дом 1 (кат. 1)',2,'Изменен audio.'),(34,'2013-02-15 15:40:35',12,10,'19','Диск 129, дом 17 (кат. 3)',2,'Изменен audio.'),(35,'2013-02-16 07:30:04',12,10,'6','Диск 4, дом 2 (кат. 1)',2,'Изменен audio.'),(36,'2013-02-16 07:35:18',12,10,'6','Диск 4, дом 2 (кат. 1)',3,''),(37,'2013-02-16 07:52:06',12,10,'27','Диск 1, дом 3 (кат. 1)',1,''),(38,'2013-02-16 07:58:13',12,10,'28','Диск 1, дом 11 (кат. 7)',1,''),(39,'2013-02-16 08:00:34',12,10,'29','Диск 3, дом -3 (кат. 7)',1,''),(40,'2013-02-16 08:04:18',12,10,'30','Диск 5, дом -5 (кат. 7)',1,''),(41,'2013-05-03 09:54:41',12,10,'18','Диск 1, дом 1 (кат. 7)',3,''),(42,'2013-05-03 09:54:41',12,10,'33','Диск 1, дом 2 (кат. 7)',3,''),(43,'2013-05-03 09:54:41',12,10,'25','Диск 1, дом 4 (кат. 7)',3,''),(44,'2013-05-03 09:54:41',12,10,'28','Диск 1, дом 11 (кат. 7)',3,''),(45,'2013-05-03 09:54:41',12,10,'34','Диск 1, дом -1 (кат. 7)',3,''),(46,'2013-05-03 09:54:41',12,10,'32','Диск 2, дом 1 (кат. 7)',3,''),(47,'2013-05-03 09:54:41',12,10,'35','Диск 2, дом 2 (кат. 7)',3,''),(48,'2013-05-03 09:54:41',12,10,'29','Диск 3, дом -3 (кат. 7)',3,''),(49,'2013-05-03 09:54:41',12,10,'15','Диск 3, дом 1 (кат. 7)',3,''),(50,'2013-05-03 09:54:41',12,10,'16','Диск 3, дом 2 (кат. 7)',3,''),(51,'2013-05-03 09:54:41',12,10,'17','Диск 3, дом 3 (кат. 7)',3,''),(52,'2013-05-03 09:54:41',12,10,'30','Диск 5, дом -5 (кат. 7)',3,''),(53,'2013-05-03 09:54:41',12,10,'31','Диск 10, дом -3 (кат. 7)',3,''),(54,'2013-05-03 10:11:56',12,10,'36','Диск 70, дом 1 (кат. 7)',3,''),(55,'2013-05-03 10:11:56',12,10,'37','Диск 70, дом 2 (кат. 7)',3,''),(56,'2013-05-03 10:11:56',12,10,'38','Диск 70, дом 3 (кат. 7)',3,''),(57,'2013-05-03 10:11:56',12,10,'39','Диск 70, дом 4 (кат. 7)',3,''),(58,'2013-05-03 10:11:56',12,10,'40','Диск 70, дом 5 (кат. 7)',3,''),(59,'2013-05-03 10:11:56',12,10,'41','Диск 70, дом 6 (кат. 7)',3,''),(60,'2013-05-03 10:11:56',12,10,'42','Диск 70, дом 7 (кат. 7)',3,''),(61,'2013-05-03 10:11:56',12,10,'59','Диск 70, дом 8 (кат. 7)',3,''),(62,'2013-05-03 10:11:56',12,10,'43','Диск 70, дом 9 (кат. 7)',3,''),(63,'2013-05-03 10:11:56',12,10,'44','Диск 70, дом 10 (кат. 7)',3,''),(64,'2013-05-03 10:11:56',12,10,'45','Диск 70, дом 11 (кат. 7)',3,''),(65,'2013-05-03 10:11:56',12,10,'46','Диск 70, дом 12 (кат. 7)',3,''),(66,'2013-05-03 10:11:56',12,10,'47','Диск 70, дом -1 (кат. 7)',3,''),(67,'2013-05-03 10:11:56',12,10,'48','Диск 70, дом -2 (кат. 7)',3,''),(68,'2013-05-03 10:11:56',12,10,'49','Диск 70, дом -3 (кат. 7)',3,''),(69,'2013-05-03 10:11:56',12,10,'50','Диск 70, дом -4 (кат. 7)',3,''),(70,'2013-05-03 10:11:56',12,10,'51','Диск 70, дом -5 (кат. 7)',3,''),(71,'2013-05-03 10:11:56',12,10,'52','Диск 70, дом -6 (кат. 7)',3,''),(72,'2013-05-03 10:11:56',12,10,'53','Диск 70, дом -7 (кат. 7)',3,''),(73,'2013-05-03 10:11:56',12,10,'54','Диск 70, дом -8 (кат. 7)',3,''),(74,'2013-05-03 10:11:56',12,10,'55','Диск 70, дом -9 (кат. 7)',3,''),(75,'2013-05-03 10:11:56',12,10,'56','Диск 70, дом -10 (кат. 7)',3,''),(76,'2013-05-03 10:11:56',12,10,'57','Диск 70, дом -11 (кат. 7)',3,''),(77,'2013-05-03 10:11:56',12,10,'58','Диск 70, дом -12 (кат. 7)',3,''),(78,'2013-05-15 18:42:45',12,10,'335','Диск 9, дом 1 (кат. 7)',3,''),(79,'2013-05-15 18:45:16',12,10,'205','Диск 70, дом 1 (кат. 7)',3,''),(80,'2013-05-15 18:46:24',12,10,'296','Диск 92, дом 2 (кат. 7)',3,''),(81,'2013-05-15 18:46:24',12,10,'295','Диск 92, дом -1 (кат. 7)',3,''),(82,'2013-05-15 18:46:53',12,10,'290','Диск 94, дом 1 (кат. 7)',3,''),(83,'2013-05-15 18:46:53',12,10,'289','Диск 95, дом 1 (кат. 7)',3,''),(84,'2013-05-15 18:46:53',12,10,'288','Диск 99, дом 1 (кат. 7)',3,''),(85,'2014-01-25 10:16:50',12,10,'1026','Диск 23, дом 1 (кат. 7)',3,''),(86,'2014-01-25 10:16:50',12,10,'1020','Диск 23, дом 2 (кат. 7)',3,''),(87,'2014-01-25 10:16:50',12,10,'1012','Диск 23, дом 3 (кат. 7)',3,''),(88,'2014-01-25 10:16:50',12,10,'1022','Диск 23, дом 4 (кат. 7)',3,''),(89,'2014-01-25 10:16:50',12,10,'1016','Диск 23, дом 5 (кат. 7)',3,''),(90,'2014-01-25 10:16:50',12,10,'1025','Диск 23, дом 6 (кат. 7)',3,''),(91,'2014-01-25 10:16:50',12,10,'1013','Диск 23, дом 7 (кат. 7)',3,''),(92,'2014-01-25 10:16:50',12,10,'1010','Диск 23, дом 8 (кат. 7)',3,''),(93,'2014-01-25 10:16:50',12,10,'1028','Диск 23, дом 9 (кат. 7)',3,''),(94,'2014-01-25 10:16:50',12,10,'1024','Диск 23, дом 10 (кат. 7)',3,''),(95,'2014-01-25 10:16:50',12,10,'1027','Диск 23, дом 11 (кат. 7)',3,''),(96,'2014-01-25 10:16:50',12,10,'1017','Диск 23, дом 12 (кат. 7)',3,''),(97,'2014-01-25 10:16:50',12,10,'1018','Диск 23, дом -1 (кат. 7)',3,''),(98,'2014-01-25 10:16:50',12,10,'1008','Диск 23, дом -2 (кат. 7)',3,''),(99,'2014-01-25 10:16:50',12,10,'1023','Диск 23, дом -3 (кат. 7)',3,''),(100,'2014-01-25 10:16:50',12,10,'1031','Диск 23, дом -4 (кат. 7)',3,''),(101,'2014-01-25 10:16:50',12,10,'1019','Диск 23, дом -5 (кат. 7)',3,''),(102,'2014-01-25 10:16:50',12,10,'1014','Диск 23, дом -6 (кат. 7)',3,''),(103,'2014-01-25 10:16:50',12,10,'1015','Диск 23, дом -7 (кат. 7)',3,''),(104,'2014-01-25 10:16:50',12,10,'1011','Диск 23, дом -8 (кат. 7)',3,''),(105,'2014-01-25 10:16:50',12,10,'1021','Диск 23, дом -9 (кат. 7)',3,''),(106,'2014-01-25 10:16:50',12,10,'1029','Диск 23, дом -10 (кат. 7)',3,''),(107,'2014-01-25 10:16:50',12,10,'1030','Диск 23, дом -11 (кат. 7)',3,''),(108,'2014-01-25 10:16:50',12,10,'1009','Диск 23, дом -12 (кат. 7)',3,'');

--
-- Table structure for table `django_content_type`
--

CREATE TABLE `django_content_type` (
  `id` int(11) NOT NULL AUTO_INCREMENT,
  `name` varchar(100) NOT NULL,
  `app_label` varchar(100) NOT NULL,
  `model` varchar(100) NOT NULL,
  PRIMARY KEY (`id`),
  UNIQUE KEY `app_label` (`app_label`,`model`)
) ENGINE=MyISAM AUTO_INCREMENT=13 DEFAULT CHARSET=utf8;

--
-- Dumping data for table `django_content_type`
--

INSERT INTO `django_content_type` VALUES (1,'permission','auth','permission'),(2,'group','auth','group'),(3,'user','auth','user'),(4,'content type','contenttypes','contenttype'),(5,'session','sessions','session'),(6,'site','sites','site'),(7,'registration profile','registration','registrationprofile'),(8,'log entry','admin','logentry'),(9,'category','main','category'),(10,'prediction','main','prediction'),(11,'saved prediction','main','savedprediction'),(12,'migration history','south','migrationhistory');

--
-- Table structure for table `django_site`
--

CREATE TABLE `django_site` (
  `id` int(11) NOT NULL AUTO_INCREMENT,
  `domain` varchar(100) NOT NULL,
  `name` varchar(50) NOT NULL,
  PRIMARY KEY (`id`)
) ENGINE=MyISAM AUTO_INCREMENT=2 DEFAULT CHARSET=utf8;

--
-- Dumping data for table `django_site`
--

INSERT INTO `django_site` VALUES (1,'syncronet.ru','syncronet.ru');

--
-- Table structure for table `main_category`
--

CREATE TABLE `main_category` (
  `id` int(11) NOT NULL AUTO_INCREMENT,
  `name` longtext NOT NULL,
  PRIMARY KEY (`id`)
) ENGINE=MyISAM AUTO_INCREMENT=8 DEFAULT CHARSET=utf8;

--
-- Dumping data for table `main_category`
--

INSERT INTO `main_category` VALUES (1,'Категория 1'),(2,'Категория 2'),(3,'Категория 3'),(4,'Категория 4'),(5,'Категория 5'),(6,'Категория 6'),(7,'Категория 7');

--
-- Table structure for table `main_prediction`
--

CREATE TABLE `main_prediction` (
  `id` int(11) NOT NULL AUTO_INCREMENT,
  `category_id` int(11) NOT NULL,
  `index1` int(11) NOT NULL,
  `index2` int(11) NOT NULL,
  `text` longtext,
  `audio` varchar(100) DEFAULT NULL,
  PRIMARY KEY (`id`)
) ENGINE=MyISAM AUTO_INCREMENT=1128 DEFAULT CHARSET=utf8;

--
-- Dumping data for table `main_prediction`
--

INSERT INTO `main_prediction` VALUES (1,1,1,1,'Если в начале самоописания наличествует эпатажное сообщение, мифопоэтическое пространство потенциально. Аллегория просветляет былинный символ, об этом свидетельствуют краткость и завершенность формы, бессюжетность, своеобразие тематического развертывания. В отличие от произведений поэтов барокко, различное расположение редуцирует музыкальный амфибрахий, туда же попадает и еще недавно вызывавший безусловную симпатию гетевский Вертер. Лирический субъект неумеренно аннигилирует урбанистический стиль, и это придает ему свое звучание, свой характер. Синхрония, несмотря на то, что все эти характерологические черты отсылают не к единому образу нарратора, иллюстрирует былинный генезис свободного стиха, что связано со смысловыми оттенками, логическим выделением или с синтаксической омонимией. Ага. \n\nДиахрония отталкивает метафоричный акцент и передается в этом стихотворении Донна метафорическим образом циркуля. Гекзаметр жизненно осознаёт резкий замысел, хотя в существование или актуальность этого он не верит, а моделирует собственную реальность. После того как тема сформулирована, комбинаторное приращение отталкивает реципиент, но не рифмами. Анжамбеман интуитивно понятен.\n\nКак мы уже знаем, познание текста прекрасно аннигилирует прозаический образ, что связано со смысловыми оттенками, логическим выделением или с синтаксической омонимией. Генеративная поэтика вероятна. Все это и побудило нас обратить внимание на то, что механизм сочленений неизменяем. Диахрония, в первом приближении, вероятна. Все это и побудило нас обратить внимание на то, что ритмический рисунок интуитивно понятен<font color=\"#6600cc\">.</font>','audio/18_-_Im_Shady.mp3'),(2,2,1,1,'asdfasd aswd asdf ',NULL),(3,3,1,1,'asdf asdg sdfgq34rq2er qwe r',NULL),(4,4,1,1,'dfhjghlg fhjh sdfgag/ И не иначе',NULL),(5,5,1,1,'asdf ',NULL),(7,2,5,1,'Создаем-с...',NULL),(8,1,150,1,'Это первое предсказание. ',''),(9,1,150,2,'это второе предсказание',NULL),(10,1,150,3,'Это третье предсказание',NULL),(11,2,3,3,'Предсказание 6',NULL),(237,7,68,9,NULL,'audio/0689.mp3'),(238,7,68,10,NULL,'audio/06810.mp3'),(239,7,68,11,NULL,'audio/06811.mp3'),(240,7,68,12,NULL,'audio/06812.mp3'),(241,7,68,13,NULL,'audio/068-1.mp3'),(242,7,68,14,NULL,'audio/068-2.mp3'),(243,7,68,15,NULL,'audio/068-3.mp3'),(244,7,68,16,NULL,'audio/068-4.mp3'),(245,7,68,17,NULL,'audio/068-5.mp3'),(246,7,68,18,NULL,'audio/068-6.mp3'),(247,7,68,19,NULL,'audio/068-7.mp3'),(248,7,68,20,NULL,'audio/068-8.mp3'),(249,7,68,21,NULL,'audio/068-9.mp3'),(250,7,68,22,NULL,'audio/068-10.mp3'),(251,7,68,23,NULL,'audio/068-11.mp3'),(252,7,68,24,NULL,'audio/068-12.mp3'),(253,7,93,1,NULL,'audio/0931.mp3'),(254,7,93,2,NULL,'audio/0932.mp3'),(255,7,93,3,NULL,'audio/0933.mp3'),(256,7,93,4,NULL,'audio/0934.mp3'),(257,7,93,5,NULL,'audio/0935.mp3'),(258,7,93,6,NULL,'audio/0936.mp3'),(259,7,93,7,NULL,'audio/0937.mp3'),(260,7,93,8,NULL,'audio/0938.mp3'),(261,7,93,9,NULL,'audio/0939.mp3'),(262,7,93,10,NULL,'audio/09310.mp3'),(263,7,93,11,NULL,'audio/09311.mp3'),(264,7,93,12,NULL,'audio/09312.mp3'),(265,7,93,13,NULL,'audio/093-1.mp3'),(266,7,93,14,NULL,'audio/093-2.mp3'),(267,7,93,15,NULL,'audio/093-3.mp3'),(268,7,93,16,NULL,'audio/093-4.mp3'),(269,7,93,17,NULL,'audio/093-5.mp3'),(270,7,93,18,NULL,'audio/093-6.mp3'),(271,7,93,19,NULL,'audio/093-7.mp3'),(272,7,93,20,NULL,'audio/093-8.mp3'),(273,7,93,21,NULL,'audio/093-9.mp3'),(274,7,93,22,NULL,'audio/093-10.mp3'),(275,7,93,23,NULL,'audio/093-11.mp3'),(276,7,93,24,NULL,'audio/093-12.mp3'),(231,7,68,3,NULL,'audio/0683.mp3'),(232,7,68,4,NULL,'audio/0684.mp3'),(233,7,68,5,NULL,'audio/0685.mp3'),(234,7,68,6,NULL,'audio/0686.mp3'),(235,7,68,7,NULL,'audio/0687.mp3'),(236,7,68,8,NULL,'audio/0688.mp3'),(19,3,129,17,NULL,''),(20,1,130,21,NULL,''),(21,3,3,4,NULL,''),(22,1,1,2,NULL,'audio/09_-_Role_Model.mp3'),(23,1,3,3,NULL,'audio/08_-_Bitch_1.mp3'),(24,4,5,4,NULL,'audio/08_-_Bitch_2.mp3'),(230,7,68,2,NULL,'audio/0682.mp3'),(26,4,4,2,NULL,'audio/20_-_Still_Dont_Give_A_Fuck.mp3'),(27,1,1,3,NULL,'audio/111.mp3'),(229,7,68,1,NULL,'audio/0681.mp3'),(228,7,69,24,NULL,'audio/069-12.mp3'),(227,7,69,23,NULL,'audio/069-11.mp3'),(226,7,69,22,NULL,'audio/069-10.mp3'),(225,7,69,21,NULL,'audio/069-9.mp3'),(204,7,69,1,NULL,'audio/0691.mp3'),(224,7,69,20,NULL,'audio/069-8.mp3'),(223,7,69,19,NULL,'audio/069-7.mp3'),(222,7,69,18,NULL,'audio/069-6.mp3'),(221,7,69,17,NULL,'audio/069-5.mp3'),(220,7,69,16,NULL,'audio/069-4.mp3'),(219,7,69,15,NULL,'audio/069-3.mp3'),(218,7,69,14,NULL,'audio/069-2.mp3'),(217,7,69,13,NULL,'audio/069-1.mp3'),(216,7,69,12,NULL,'audio/06912.mp3'),(215,7,69,11,NULL,'audio/06911.mp3'),(214,7,69,10,NULL,'audio/06910.mp3'),(213,7,69,9,NULL,'audio/0699.mp3'),(212,7,69,8,NULL,'audio/0698.mp3'),(211,7,69,7,NULL,'audio/0697.mp3'),(210,7,69,6,NULL,'audio/0696.mp3'),(209,7,69,5,NULL,'audio/0695.mp3'),(208,7,69,4,NULL,'audio/0694.mp3'),(207,7,69,3,NULL,'audio/0693.mp3'),(206,7,69,2,NULL,'audio/0692.mp3'),(60,7,80,1,NULL,'audio/0801.mp3'),(61,7,80,2,NULL,'audio/0802.mp3'),(62,7,80,3,NULL,'audio/0803.mp3'),(63,7,80,4,NULL,'audio/0804.mp3'),(64,7,80,5,NULL,'audio/0805.mp3'),(65,7,80,6,NULL,'audio/0806.mp3'),(66,7,80,7,NULL,'audio/0807.mp3'),(67,7,80,8,NULL,'audio/0808.mp3'),(68,7,80,9,NULL,'audio/0809.mp3'),(69,7,80,10,NULL,'audio/08010.mp3'),(70,7,80,11,NULL,'audio/08011.mp3'),(71,7,80,12,NULL,'audio/08012.mp3'),(72,7,80,13,NULL,'audio/080-1_2.mp3'),(73,7,80,14,NULL,'audio/080-2.mp3'),(74,7,80,15,NULL,'audio/080-3.mp3'),(75,7,80,16,NULL,'audio/080-4.mp3'),(76,7,80,17,NULL,'audio/080-5.mp3'),(77,7,80,18,NULL,'audio/080-6.mp3'),(78,7,80,19,NULL,'audio/080-7.mp3'),(79,7,80,20,NULL,'audio/080-8.mp3'),(80,7,80,21,NULL,'audio/080-9.mp3'),(81,7,80,22,NULL,'audio/080-10.mp3'),(82,7,80,23,NULL,'audio/080-11.mp3'),(83,7,80,24,NULL,'audio/080-12.mp3'),(84,7,62,1,NULL,'audio/0621.mp3'),(85,7,62,2,NULL,'audio/0622.mp3'),(86,7,62,3,NULL,'audio/0623.mp3'),(87,7,62,4,NULL,'audio/0624.mp3'),(88,7,62,5,NULL,'audio/0625.mp3'),(89,7,62,6,NULL,'audio/0626.mp3'),(90,7,62,7,NULL,'audio/0627.mp3'),(91,7,62,8,NULL,'audio/0628.mp3'),(92,7,62,9,NULL,'audio/0629.mp3'),(93,7,62,10,NULL,'audio/06210.mp3'),(94,7,62,11,NULL,'audio/06211.mp3'),(95,7,62,12,NULL,'audio/06212.mp3'),(96,7,62,13,NULL,'audio/062-1.mp3'),(97,7,62,14,NULL,'audio/062-2.mp3'),(98,7,62,15,NULL,'audio/062-3.mp3'),(99,7,62,16,NULL,'audio/062-4.mp3'),(100,7,62,17,NULL,'audio/062-5.mp3'),(101,7,62,18,NULL,'audio/062-6.mp3'),(102,7,62,19,NULL,'audio/062-7.mp3'),(103,7,62,20,NULL,'audio/062-8.mp3'),(104,7,62,21,NULL,'audio/062-9.mp3'),(105,7,62,22,NULL,'audio/062-10.mp3'),(106,7,62,23,NULL,'audio/062-11.mp3'),(107,7,62,24,NULL,'audio/062-12.mp3'),(108,7,53,1,NULL,'audio/0531.mp3'),(109,7,53,2,NULL,'audio/0532.mp3'),(110,7,53,3,NULL,'audio/0533.mp3'),(111,7,53,4,NULL,'audio/0534.mp3'),(112,7,53,5,NULL,'audio/0535.mp3'),(113,7,53,6,NULL,'audio/0536.mp3'),(114,7,53,7,NULL,'audio/0537.mp3'),(115,7,53,8,NULL,'audio/0538.mp3'),(116,7,53,9,NULL,'audio/0539.mp3'),(117,7,53,10,NULL,'audio/05310.mp3'),(118,7,53,11,NULL,'audio/05311.mp3'),(119,7,53,12,NULL,'audio/05312.mp3'),(120,7,53,13,NULL,'audio/053-2.mp3'),(121,7,53,15,NULL,'audio/053-3.mp3'),(122,7,53,16,NULL,'audio/053-4.mp3'),(123,7,53,17,NULL,'audio/053-5.mp3'),(124,7,53,18,NULL,'audio/053-6.mp3'),(125,7,53,19,NULL,'audio/053-7_1.mp3'),(126,7,53,20,NULL,'audio/053-8.mp3'),(127,7,53,21,NULL,'audio/053-9.mp3'),(128,7,53,22,NULL,'audio/053-10_1.mp3'),(129,7,53,23,NULL,'audio/053-11_2.mp3'),(130,7,53,24,NULL,'audio/053-13.mp3'),(131,7,53,14,NULL,'audio/053-2_1.mp3'),(132,7,50,1,NULL,'audio/0501.mp3'),(133,7,50,2,NULL,'audio/0502.mp3'),(134,7,50,3,NULL,'audio/0503.mp3'),(135,7,50,4,NULL,'audio/0504.mp3'),(136,7,50,5,NULL,'audio/0505.mp3'),(137,7,50,6,NULL,'audio/0506.mp3'),(138,7,50,7,NULL,'audio/0507.mp3'),(139,7,50,8,NULL,'audio/0508.mp3'),(140,7,50,9,NULL,'audio/05010.mp3'),(141,7,50,11,NULL,'audio/05011.mp3'),(142,7,50,10,NULL,'audio/05010_1.mp3'),(143,7,50,12,NULL,'audio/05012.mp3'),(144,7,50,13,NULL,'audio/050-1.mp3'),(145,7,50,14,NULL,'audio/050-2.mp3'),(146,7,50,15,NULL,'audio/050-3.mp3'),(147,7,50,16,NULL,'audio/050-4.mp3'),(148,7,50,17,NULL,'audio/050-5.mp3'),(149,7,50,18,NULL,'audio/050-6.mp3'),(150,7,50,19,NULL,'audio/050-7.mp3'),(151,7,50,20,NULL,'audio/050-8_1.mp3'),(152,7,50,21,NULL,'audio/050-9_1.mp3'),(153,7,50,22,NULL,'audio/050-10.mp3'),(154,7,50,23,NULL,'audio/050-11.mp3'),(155,7,50,24,NULL,'audio/050-12.mp3'),(156,7,66,1,NULL,'audio/0661.mp3'),(157,7,66,2,NULL,'audio/0662.mp3'),(158,7,66,3,NULL,'audio/0663_1.mp3'),(159,7,66,4,NULL,'audio/0664.mp3'),(160,7,66,5,NULL,'audio/0665.mp3'),(161,7,66,6,NULL,'audio/0666.mp3'),(162,7,66,7,NULL,'audio/0667.mp3'),(163,7,66,8,NULL,'audio/0668.mp3'),(164,7,66,9,NULL,'audio/0669.mp3'),(165,7,66,10,NULL,'audio/06610.mp3'),(166,7,66,11,NULL,'audio/06611.mp3'),(167,7,66,12,NULL,'audio/06612.mp3'),(168,7,66,13,NULL,'audio/066-1.mp3'),(169,7,66,14,NULL,'audio/066-2.mp3'),(170,7,66,15,NULL,'audio/066-3.mp3'),(171,7,66,16,NULL,'audio/066-4_1.mp3'),(172,7,66,17,NULL,'audio/066-5.mp3'),(173,7,66,18,NULL,'audio/066-6.mp3'),(174,7,66,19,NULL,'audio/066-7.mp3'),(175,7,66,20,NULL,'audio/066-8.mp3'),(176,7,66,21,NULL,'audio/066-9.mp3'),(177,7,66,22,NULL,'audio/066-10_1.mp3'),(178,7,66,23,NULL,'audio/066-11.mp3'),(179,7,66,24,NULL,'audio/066-12.mp3'),(180,7,25,1,NULL,'audio/0251.mp3'),(181,7,25,2,NULL,'audio/0252.mp3'),(182,7,25,3,NULL,'audio/0253.mp3'),(183,7,25,4,NULL,'audio/0254.mp3'),(184,7,25,5,NULL,'audio/0255.mp3'),(185,7,25,6,NULL,'audio/0256.mp3'),(186,7,25,7,NULL,'audio/0257.mp3'),(187,7,25,8,NULL,'audio/0258.mp3'),(188,7,25,9,NULL,'audio/0259.mp3'),(189,7,25,10,NULL,'audio/02510.mp3'),(190,7,25,11,NULL,'audio/02511.mp3'),(191,7,25,12,NULL,'audio/02512.mp3'),(192,7,25,13,NULL,'audio/025-1.mp3'),(193,7,25,14,NULL,'audio/025-2.mp3'),(194,7,25,15,NULL,'audio/025-3.mp3'),(195,7,25,16,NULL,'audio/025-4.mp3'),(196,7,25,17,NULL,'audio/025-5.mp3'),(197,7,25,18,NULL,'audio/025-6.mp3'),(198,7,25,19,NULL,'audio/025-7.mp3'),(199,7,25,20,NULL,'audio/025-8.mp3'),(200,7,25,21,NULL,'audio/025-9.mp3'),(201,7,25,22,NULL,'audio/025-10.mp3'),(202,7,25,23,NULL,'audio/025-11.mp3'),(203,7,25,24,NULL,'audio/025-12.mp3'),(277,1,4,1,NULL,''),(278,1,92,1,NULL,''),(279,1,92,3,NULL,''),(280,7,90,3,NULL,'audio/0903.mp3'),(281,7,90,2,NULL,'audio/0902.mp3'),(282,7,90,9,NULL,'audio/0909.mp3'),(283,7,90,18,NULL,'audio/090-6.mp3'),(284,7,90,23,NULL,'audio/090-11.mp3'),(285,7,90,24,NULL,'audio/090-12.mp3'),(286,7,90,1,NULL,'audio/0901.mp3'),(287,7,90,6,NULL,'audio/0906.mp3'),(291,7,90,8,NULL,'audio/0908.mp3'),(292,7,90,4,NULL,'audio/0904.mp3'),(293,1,2,4,NULL,''),(294,5,2,4,NULL,''),(297,7,90,5,NULL,'audio/0905.mp3'),(298,7,90,7,NULL,'audio/0907.mp3'),(299,7,90,10,NULL,'audio/09010.mp3'),(300,7,90,11,NULL,'audio/09011.mp3'),(301,7,90,12,NULL,'audio/09012.mp3'),(302,7,90,13,NULL,'audio/090-1.mp3'),(303,7,90,14,NULL,'audio/090-2.mp3'),(304,7,90,15,NULL,'audio/090-3.mp3'),(305,7,90,16,NULL,'audio/090-4.mp3'),(306,7,90,17,NULL,'audio/090-5.mp3'),(307,7,90,19,NULL,'audio/090-7.mp3'),(308,7,90,20,NULL,'audio/090-8.mp3'),(309,7,90,21,NULL,'audio/090-9.mp3'),(310,7,90,22,NULL,'audio/090-10.mp3'),(311,7,102,1,NULL,'audio/1021.mp3'),(312,7,102,2,NULL,'audio/1022.mp3'),(313,7,102,3,NULL,'audio/1023.mp3'),(314,7,102,4,NULL,'audio/1024.mp3'),(315,7,102,5,NULL,'audio/1025.mp3'),(316,7,102,6,NULL,'audio/1026.mp3'),(317,7,102,7,NULL,'audio/1027.mp3'),(318,7,102,8,NULL,'audio/1028.mp3'),(319,7,102,9,NULL,'audio/1029.mp3'),(320,7,102,10,NULL,'audio/10210.mp3'),(321,7,102,11,NULL,'audio/10211.mp3'),(322,7,102,12,NULL,'audio/10212.mp3'),(323,7,102,13,NULL,'audio/102-1.mp3'),(324,7,102,14,NULL,'audio/102-2.mp3'),(325,7,102,15,NULL,'audio/102-3.mp3'),(326,7,102,16,NULL,'audio/102-4.mp3'),(327,7,102,17,NULL,'audio/102-5.mp3'),(328,7,102,18,NULL,'audio/102-6.mp3'),(329,7,102,19,NULL,'audio/102-7.mp3'),(330,7,102,20,NULL,'audio/102-8.mp3'),(331,7,102,21,NULL,'audio/102-9.mp3'),(332,7,102,22,NULL,'audio/102-10.mp3'),(333,7,102,23,NULL,'audio/102-11.mp3'),(334,7,102,24,NULL,'audio/102-12.mp3'),(336,7,2,1,NULL,'audio/002_1.mp3'),(337,7,2,2,NULL,'audio/002_2.mp3'),(338,7,2,3,NULL,'audio/002_3.mp3'),(339,7,2,4,NULL,'audio/002_4.mp3'),(340,7,2,5,NULL,'audio/002_5.mp3'),(341,7,2,6,NULL,'audio/002_6.mp3'),(342,7,2,7,NULL,'audio/002_7_1.mp3'),(343,7,2,8,NULL,''),(344,7,2,9,NULL,'audio/002_9.mp3'),(345,7,2,10,NULL,'audio/002_10.mp3'),(346,7,2,11,NULL,'audio/002_11.mp3'),(347,7,2,12,NULL,'audio/002_12.mp3'),(348,7,2,13,NULL,'audio/002-1.mp3'),(349,7,2,14,NULL,'audio/002-2.mp3'),(350,7,2,15,NULL,'audio/002-3.mp3'),(351,7,2,16,NULL,'audio/002-4.mp3'),(352,7,2,17,NULL,'audio/002-5.mp3'),(353,7,2,18,NULL,'audio/002-6.mp3'),(354,7,2,19,NULL,'audio/002-7.mp3'),(355,7,2,20,NULL,'audio/002-8.mp3'),(356,7,2,21,NULL,'audio/002-9.mp3'),(357,7,2,22,NULL,'audio/002-10.mp3'),(358,7,2,23,NULL,'audio/002-11.mp3'),(359,7,2,24,NULL,'audio/002-12.mp3'),(360,7,1,1,NULL,'audio/0011.mp3'),(361,7,1,2,NULL,'audio/0012.mp3'),(362,7,1,3,NULL,'audio/0013.mp3'),(363,7,1,4,NULL,'audio/0014.mp3'),(364,7,1,5,NULL,'audio/0015.mp3'),(365,7,1,6,NULL,'audio/0016.mp3'),(366,7,1,7,NULL,'audio/0017.mp3'),(367,7,1,8,NULL,'audio/0018.mp3'),(368,7,1,9,NULL,'audio/0019.mp3'),(369,7,1,10,NULL,'audio/00110.mp3'),(370,7,1,11,NULL,'audio/00111.mp3'),(371,7,1,12,NULL,'audio/00112.mp3'),(372,7,1,13,NULL,'audio/001-1.mp3'),(373,7,1,14,NULL,'audio/001-2.mp3'),(374,7,1,15,NULL,'audio/001-3.mp3'),(375,7,1,16,NULL,'audio/001-4.mp3'),(376,7,1,17,NULL,'audio/001-5.mp3'),(377,7,1,18,NULL,'audio/001-6.mp3'),(378,7,1,19,NULL,'audio/001-7.mp3'),(379,7,1,20,NULL,'audio/001-8.mp3'),(380,7,1,21,NULL,'audio/001-9.mp3'),(381,7,1,23,NULL,'audio/001-11.mp3'),(382,7,1,24,NULL,'audio/001-12.mp3'),(383,7,3,1,NULL,'audio/0031.mp3'),(384,7,3,2,NULL,'audio/0032.mp3'),(385,7,3,3,NULL,'audio/0033.mp3'),(386,7,3,4,NULL,'audio/0034.mp3'),(387,7,3,5,NULL,'audio/0035.mp3'),(388,7,3,6,NULL,'audio/0036.mp3'),(389,7,3,7,NULL,'audio/0037.mp3'),(390,7,3,8,NULL,'audio/0038.mp3'),(391,7,3,9,NULL,'audio/0039.mp3'),(392,7,3,10,NULL,'audio/00310.mp3'),(393,7,3,11,NULL,'audio/00311.mp3'),(394,7,3,12,NULL,'audio/00312.mp3'),(395,7,3,13,NULL,'audio/003-1_1.mp3'),(396,7,3,14,NULL,'audio/003-2_1.mp3'),(397,7,3,15,NULL,'audio/003-3_1.mp3'),(398,7,3,16,NULL,'audio/003-4_1.mp3'),(399,7,3,17,NULL,'audio/003-5_2.mp3'),(400,7,3,18,NULL,'audio/003-6_1.mp3'),(401,7,3,19,NULL,'audio/003-7_1.mp3'),(402,7,3,20,NULL,'audio/003-9_1.mp3'),(403,7,3,21,NULL,'audio/003-9.mp3'),(404,7,3,22,NULL,'audio/003-10_1.mp3'),(405,7,3,23,NULL,'audio/003-11_1.mp3'),(406,7,3,24,NULL,'audio/003-12_1.mp3'),(407,7,4,1,NULL,'audio/0041.mp3'),(408,7,4,2,NULL,'audio/0042.mp3'),(409,7,4,3,NULL,'audio/0044.mp3'),(410,7,4,5,NULL,'audio/0045.mp3'),(411,7,4,6,NULL,'audio/0046.mp3'),(412,7,4,7,NULL,'audio/0047.mp3'),(413,7,4,8,NULL,'audio/0048.mp3'),(414,7,4,9,NULL,'audio/0049.mp3'),(415,7,4,10,NULL,'audio/00410.mp3'),(416,7,4,11,NULL,'audio/00411.mp3'),(417,7,4,12,NULL,'audio/00412.mp3'),(418,7,4,13,NULL,'audio/004-1.mp3'),(419,7,4,14,NULL,'audio/004-2.mp3'),(420,7,4,15,NULL,'audio/004-3.mp3'),(421,7,4,16,NULL,'audio/004-4.mp3'),(422,7,4,17,NULL,'audio/004-5.mp3'),(423,7,4,18,NULL,'audio/004-6.mp3'),(424,7,4,19,NULL,'audio/004-7.mp3'),(425,7,4,20,NULL,'audio/004-9.mp3'),(426,7,4,21,NULL,'audio/004-9_1.mp3'),(427,7,4,22,NULL,'audio/004-10.mp3'),(428,7,4,23,NULL,'audio/004-11.mp3'),(429,7,4,24,NULL,'audio/004-12.mp3'),(430,7,94,1,NULL,'audio/0941.mp3'),(431,7,94,2,NULL,'audio/0942.mp3'),(432,7,94,3,NULL,'audio/0943.mp3'),(433,7,94,4,NULL,'audio/0944.mp3'),(434,7,94,5,NULL,'audio/0945.mp3'),(435,7,94,6,NULL,'audio/0946.mp3'),(436,7,94,7,NULL,'audio/0947.mp3'),(437,7,94,8,NULL,'audio/0948.mp3'),(438,7,94,9,NULL,'audio/0949.mp3'),(439,7,94,10,NULL,'audio/09410.mp3'),(440,7,94,11,NULL,'audio/09411.mp3'),(441,7,94,12,NULL,'audio/09412.mp3'),(442,7,94,13,NULL,'audio/094-1.mp3'),(443,7,94,14,NULL,'audio/094-2.mp3'),(444,7,94,15,NULL,'audio/094-3.mp3'),(445,7,94,16,NULL,'audio/094-4.mp3'),(446,7,94,17,NULL,'audio/094-5.mp3'),(447,7,94,18,NULL,'audio/094-6.mp3'),(448,7,94,19,NULL,'audio/094-7.mp3'),(449,7,94,20,NULL,'audio/094-8.mp3'),(450,7,94,21,NULL,'audio/094-9.mp3'),(451,7,94,22,NULL,'audio/094-10.mp3'),(452,7,94,23,NULL,'audio/094-11.mp3'),(453,7,94,24,NULL,'audio/094-12.mp3'),(454,7,91,21,NULL,'audio/091-9.mp3'),(455,7,91,1,NULL,'audio/0911.mp3'),(456,7,91,2,NULL,'audio/0912.mp3'),(457,7,91,3,NULL,'audio/0913.mp3'),(458,7,91,4,NULL,'audio/0914.mp3'),(459,7,91,5,NULL,'audio/0915.mp3'),(460,7,91,6,NULL,'audio/0916.mp3'),(461,7,91,7,NULL,'audio/0917.mp3'),(462,7,91,8,NULL,'audio/0918.mp3'),(463,7,91,9,NULL,'audio/0919.mp3'),(464,7,91,10,NULL,'audio/09110.mp3'),(465,7,91,11,NULL,'audio/09111.mp3'),(466,7,91,12,NULL,'audio/09112.mp3'),(467,7,91,13,NULL,'audio/091-1.mp3'),(468,7,91,14,NULL,'audio/091-2.mp3'),(469,7,91,15,NULL,'audio/091-3.mp3'),(470,7,91,16,NULL,'audio/091-4.mp3'),(471,7,91,17,NULL,'audio/091-5.mp3'),(472,7,91,18,NULL,'audio/091-6.mp3'),(473,7,91,19,NULL,'audio/091-7.mp3'),(474,7,91,20,NULL,'audio/091-8.mp3'),(475,7,91,22,NULL,'audio/091-10.mp3'),(476,7,91,23,NULL,'audio/091-11.mp3'),(477,7,91,24,NULL,'audio/091-12.mp3'),(478,7,98,1,NULL,'audio/0981.mp3'),(479,7,98,2,NULL,'audio/0982.mp3'),(480,7,98,3,NULL,'audio/0983.mp3'),(481,7,98,4,NULL,'audio/0984.mp3'),(482,7,98,5,NULL,'audio/0985.mp3'),(483,7,98,6,NULL,'audio/0986.mp3'),(484,7,98,7,NULL,'audio/0987.mp3'),(485,7,98,8,NULL,'audio/0988.mp3'),(486,7,98,9,NULL,'audio/0989.mp3'),(487,7,98,10,NULL,'audio/09810.mp3'),(488,7,98,11,NULL,'audio/09811.mp3'),(489,7,98,12,NULL,'audio/09812.mp3'),(490,7,98,13,NULL,'audio/098-1.mp3'),(491,7,98,14,NULL,'audio/098-2.mp3'),(492,7,98,15,NULL,'audio/098-3.mp3'),(493,7,98,16,NULL,'audio/098-4.mp3'),(494,7,98,17,NULL,'audio/098-5.mp3'),(495,7,98,18,NULL,'audio/098-6.mp3'),(496,7,98,19,NULL,'audio/098-7.mp3'),(497,7,98,20,NULL,'audio/098-8.mp3'),(498,7,98,21,NULL,'audio/098-9.mp3'),(499,7,98,22,NULL,'audio/098-10.mp3'),(500,7,98,23,NULL,'audio/098-11.mp3'),(501,7,98,24,NULL,'audio/098-12.mp3'),(502,7,48,1,NULL,'audio/0481.mp3'),(503,7,48,2,NULL,'audio/0482.mp3'),(504,7,48,3,NULL,'audio/0483.mp3'),(505,7,48,4,NULL,'audio/0484.mp3'),(506,7,48,5,NULL,'audio/0485.mp3'),(507,7,48,6,NULL,'audio/0486.mp3'),(508,7,48,7,NULL,'audio/0487.mp3'),(509,7,48,8,NULL,'audio/0488.mp3'),(510,7,48,9,NULL,'audio/0489.mp3'),(511,7,48,10,NULL,'audio/04810.mp3'),(512,7,48,11,NULL,'audio/04811.mp3'),(513,7,48,12,NULL,'audio/04812.mp3'),(514,7,48,13,NULL,'audio/048-1.mp3'),(515,7,48,14,NULL,'audio/048-2.mp3'),(516,7,48,15,NULL,'audio/048-3.mp3'),(517,7,48,16,NULL,'audio/048-4.mp3'),(518,7,48,17,NULL,'audio/048-5.mp3'),(519,7,48,18,NULL,'audio/048-6.mp3'),(520,7,48,19,NULL,'audio/048-7.mp3'),(521,7,48,20,NULL,'audio/048-8.mp3'),(522,7,48,21,NULL,'audio/048-9.mp3'),(523,7,48,22,NULL,'audio/048-10.mp3'),(524,7,48,23,NULL,'audio/048-11.mp3'),(525,7,48,24,NULL,'audio/048-12.mp3'),(526,7,103,3,NULL,'audio/1033.mp3'),(527,7,103,1,NULL,'audio/1031.mp3'),(528,7,103,2,NULL,'audio/1032.mp3'),(529,7,103,4,NULL,'audio/1034.mp3'),(530,7,103,5,NULL,'audio/1035.mp3'),(531,7,103,6,NULL,'audio/1036.mp3'),(532,7,103,7,NULL,'audio/1037.mp3'),(533,7,103,8,NULL,'audio/1038.mp3'),(534,7,103,9,NULL,'audio/1039.mp3'),(535,7,103,10,NULL,'audio/10310.mp3'),(536,7,103,11,NULL,'audio/10311.mp3'),(537,7,103,12,NULL,'audio/10312.mp3'),(538,7,103,13,NULL,'audio/103-1.mp3'),(539,7,103,14,NULL,'audio/103-2_1.mp3'),(540,7,103,15,NULL,'audio/103-3.mp3'),(541,7,103,16,NULL,'audio/103-4.mp3'),(542,7,103,17,NULL,'audio/103-5.mp3'),(543,7,103,18,NULL,'audio/103-6.mp3'),(544,7,103,19,NULL,'audio/103-7.mp3'),(545,7,103,20,NULL,'audio/103-8.mp3'),(546,7,103,21,NULL,'audio/103-9.mp3'),(547,7,103,22,NULL,'audio/103-10.mp3'),(548,7,103,23,NULL,'audio/103-11.mp3'),(549,7,103,24,NULL,'audio/103-12.mp3'),(550,7,22,14,NULL,'audio/022-2.mp3'),(551,7,22,1,NULL,'audio/0221.mp3'),(552,7,22,2,NULL,'audio/0222.mp3'),(553,7,22,3,NULL,'audio/0223.mp3'),(554,7,22,4,NULL,'audio/0224.mp3'),(555,7,22,5,NULL,'audio/0225.mp3'),(556,7,22,6,NULL,'audio/0226.mp3'),(557,7,22,7,NULL,'audio/0227.mp3'),(558,7,22,8,NULL,'audio/0228_1.mp3'),(559,7,22,9,NULL,'audio/0229.mp3'),(560,7,22,10,NULL,'audio/02210.mp3'),(561,7,22,11,NULL,'audio/02212.mp3'),(562,7,22,13,NULL,'audio/022-1.mp3'),(563,7,22,15,NULL,'audio/022-3.mp3'),(564,7,22,16,NULL,'audio/022-4.mp3'),(565,7,22,17,NULL,'audio/022-5.mp3'),(566,7,22,18,NULL,'audio/022-6.mp3'),(567,7,22,19,NULL,'audio/022-7.mp3'),(568,7,22,20,NULL,'audio/022-8_1.mp3'),(569,7,22,21,NULL,'audio/022-9.mp3'),(570,7,22,22,NULL,'audio/022-10.mp3'),(571,7,22,23,NULL,'audio/022-11.mp3'),(572,7,22,24,NULL,'audio/022-12.mp3'),(573,7,99,6,NULL,'audio/0996_1.mp3'),(574,7,99,1,NULL,'audio/0991.mp3'),(575,7,99,18,NULL,'audio/099-6_1.mp3'),(576,7,99,2,NULL,'audio/0992.mp3'),(577,7,99,3,NULL,'audio/0993.mp3'),(578,7,99,4,NULL,'audio/0994.mp3'),(579,7,99,5,NULL,'audio/0995.mp3'),(580,7,99,7,NULL,'audio/0997.mp3'),(581,7,99,8,NULL,'audio/0998.mp3'),(582,7,99,9,NULL,'audio/0999.mp3'),(583,7,99,10,NULL,'audio/09910.mp3'),(584,7,99,11,NULL,'audio/09911.mp3'),(585,7,99,12,NULL,'audio/09912.mp3'),(586,7,99,13,NULL,'audio/099-1.mp3'),(587,7,99,14,NULL,'audio/099-2.mp3'),(588,7,99,15,NULL,'audio/099-3.mp3'),(589,7,99,16,NULL,'audio/099-4.mp3'),(590,7,99,17,NULL,'audio/099-5.mp3'),(591,7,99,19,NULL,'audio/099-7.mp3'),(592,7,99,20,NULL,'audio/099-8.mp3'),(593,7,99,21,NULL,'audio/099-9.mp3'),(594,7,99,22,NULL,'audio/099-10.mp3'),(595,7,99,23,NULL,'audio/099-11.mp3'),(596,7,99,24,NULL,'audio/099-12.mp3'),(597,7,46,1,NULL,'audio/0461.mp3'),(598,7,46,2,NULL,'audio/0462.mp3'),(599,7,46,3,NULL,'audio/0463.mp3'),(600,7,46,4,NULL,'audio/0464.mp3'),(601,7,46,5,NULL,'audio/0465.mp3'),(602,7,46,6,NULL,'audio/0466.mp3'),(603,7,46,7,NULL,'audio/0467.mp3'),(604,7,46,8,NULL,'audio/0468.mp3'),(605,7,46,9,NULL,'audio/0469.mp3'),(606,7,46,10,NULL,'audio/04610.mp3'),(607,7,46,11,NULL,'audio/04611.mp3'),(608,7,46,12,NULL,'audio/04612.mp3'),(609,7,46,13,NULL,'audio/046-1.mp3'),(610,7,46,14,NULL,'audio/046-2.mp3'),(611,7,46,15,NULL,'audio/046-3.mp3'),(612,7,46,16,NULL,'audio/046-4.mp3'),(613,7,46,17,NULL,'audio/046-5.mp3'),(614,7,46,18,NULL,'audio/046-6.mp3'),(615,7,46,19,NULL,'audio/046-7.mp3'),(616,7,46,20,NULL,'audio/046-8.mp3'),(617,7,46,21,NULL,'audio/046-9.mp3'),(618,7,46,22,NULL,'audio/046-10.mp3'),(619,7,46,23,NULL,'audio/046-11.mp3'),(620,7,46,24,NULL,'audio/046-12.mp3'),(621,7,6,1,NULL,'audio/0061.mp3'),(622,7,6,2,NULL,'audio/0062.mp3'),(623,7,6,3,NULL,'audio/0063.mp3'),(624,7,6,4,NULL,'audio/0064.mp3'),(625,7,6,5,NULL,'audio/0065.mp3'),(626,7,6,6,NULL,'audio/0066.mp3'),(627,7,6,7,NULL,'audio/0067.mp3'),(628,7,6,8,NULL,'audio/0068.mp3'),(629,7,6,9,NULL,'audio/0069.mp3'),(630,7,6,10,NULL,'audio/00610.mp3'),(631,7,6,11,NULL,'audio/00611.mp3'),(632,7,6,12,NULL,'audio/00612.mp3'),(633,7,6,13,NULL,'audio/006-1.mp3'),(634,7,6,14,NULL,'audio/006-2.mp3'),(635,7,6,15,NULL,'audio/006-3.mp3'),(636,7,6,16,NULL,'audio/006-4.mp3'),(637,7,6,17,NULL,'audio/006-5.mp3'),(638,7,6,18,NULL,'audio/006-6.mp3'),(639,7,6,19,NULL,'audio/006-7.mp3'),(640,7,6,20,NULL,'audio/006-8.mp3'),(641,7,6,21,NULL,'audio/006-9.mp3'),(642,7,6,22,NULL,'audio/006-10.mp3'),(643,7,6,23,NULL,'audio/006-11.mp3'),(644,7,6,24,NULL,'audio/006-12.mp3'),(645,7,9,24,NULL,'audio/009-12.mp3'),(646,7,9,1,NULL,'audio/0091.mp3'),(647,7,9,2,NULL,'audio/0092.mp3'),(648,7,9,3,NULL,'audio/0093.mp3'),(649,7,9,4,NULL,'audio/0094.mp3'),(650,7,9,5,NULL,'audio/0095.mp3'),(651,7,9,6,NULL,'audio/0096.mp3'),(652,7,9,7,NULL,'audio/0097.mp3'),(653,7,9,8,NULL,'audio/0098.mp3'),(654,7,9,9,NULL,'audio/0099.mp3'),(655,7,9,10,NULL,'audio/00910.mp3'),(656,7,9,11,NULL,'audio/00911.mp3'),(657,7,9,12,NULL,'audio/00912.mp3'),(658,7,9,13,NULL,'audio/009-1.mp3'),(659,7,9,14,NULL,'audio/009-2.mp3'),(660,7,9,15,NULL,'audio/009-3.mp3'),(661,7,9,16,NULL,'audio/009-4.mp3'),(662,7,9,17,NULL,'audio/009-5.mp3'),(663,7,9,18,NULL,'audio/009-6.mp3'),(664,7,9,19,NULL,'audio/009-7.mp3'),(665,7,9,20,NULL,'audio/009-8.mp3'),(666,7,9,21,NULL,'audio/009-9.mp3'),(667,7,9,22,NULL,'audio/009-10.mp3'),(668,7,9,23,NULL,'audio/009-11.mp3'),(669,4,5,14,NULL,'audio/-2.mp3'),(670,4,5,13,NULL,'audio/-1.mp3'),(671,4,5,1,NULL,'audio/1.mp3'),(672,4,5,2,NULL,'audio/2.mp3'),(673,7,5,1,NULL,'audio/0051.mp3'),(674,7,5,2,NULL,'audio/0052.mp3'),(675,7,5,3,NULL,'audio/0053.mp3'),(676,7,5,4,NULL,'audio/0054.mp3'),(677,7,5,5,NULL,'audio/0055.mp3'),(678,7,5,6,NULL,'audio/0056.mp3'),(679,7,5,7,NULL,'audio/0057.mp3'),(680,7,5,8,NULL,'audio/0058.mp3'),(681,7,5,9,NULL,'audio/0059.mp3'),(682,7,5,10,NULL,'audio/00510.mp3'),(683,7,5,11,NULL,'audio/00511.mp3'),(684,7,5,12,NULL,'audio/00512.mp3'),(685,7,5,13,NULL,'audio/005-1.mp3'),(686,7,5,14,NULL,'audio/005-2.mp3'),(687,7,5,15,NULL,'audio/005-3.mp3'),(688,7,5,16,NULL,'audio/005-4.mp3'),(689,7,5,17,NULL,'audio/005-5.mp3'),(690,7,5,18,NULL,'audio/005-7.mp3'),(691,7,5,20,NULL,'audio/005-8.mp3'),(692,7,5,21,NULL,'audio/005-9.mp3'),(693,7,5,22,NULL,'audio/005-10.mp3'),(694,7,5,23,NULL,'audio/005-11.mp3'),(695,7,5,24,NULL,'audio/005-12.mp3'),(696,7,7,22,NULL,'audio/007-10.mp3'),(697,7,7,1,NULL,'audio/0071.mp3'),(698,7,7,2,NULL,'audio/0072.mp3'),(699,7,7,3,NULL,'audio/0073.mp3'),(700,7,7,4,NULL,'audio/0074.mp3'),(701,7,7,5,NULL,'audio/0075.mp3'),(702,7,7,6,NULL,'audio/0076.mp3'),(703,7,7,7,NULL,'audio/0077.mp3'),(704,7,7,8,NULL,'audio/0078.mp3'),(705,7,7,9,NULL,'audio/0079.mp3'),(706,7,7,10,NULL,'audio/00710.mp3'),(707,7,7,11,NULL,'audio/00711.mp3'),(708,7,7,12,NULL,'audio/00712.mp3'),(709,7,7,13,NULL,'audio/007-1.mp3'),(710,7,7,14,NULL,'audio/007-2.mp3'),(711,7,7,15,NULL,'audio/007-3.mp3'),(712,7,7,16,NULL,'audio/007-4.mp3'),(713,7,7,17,NULL,'audio/007-5.mp3'),(714,7,7,18,NULL,'audio/007-6.mp3'),(715,7,7,19,NULL,'audio/007-7.mp3'),(716,7,7,20,NULL,'audio/007-8.mp3'),(717,7,7,21,NULL,'audio/007-9.mp3'),(718,7,7,23,NULL,'audio/007-11.mp3'),(719,7,7,24,NULL,'audio/007-12.mp3'),(720,7,8,13,NULL,'audio/007-1_1.mp3'),(721,7,8,14,NULL,'audio/007-2_1.mp3'),(722,7,8,15,NULL,'audio/007-3_1.mp3'),(723,7,8,16,NULL,'audio/007-4_1.mp3'),(724,7,8,17,NULL,'audio/007-5_1.mp3'),(725,7,8,18,NULL,'audio/007-6_1.mp3'),(726,7,8,19,NULL,'audio/007-7_1.mp3'),(727,7,8,20,NULL,'audio/007-8_1.mp3'),(728,7,8,21,NULL,'audio/007-9_1.mp3'),(729,7,8,22,NULL,'audio/007-10_1.mp3'),(730,7,8,23,NULL,'audio/007-11_1.mp3'),(731,7,8,24,NULL,'audio/007-12_1.mp3'),(732,7,8,1,NULL,'audio/0071_1.mp3'),(733,7,8,2,NULL,'audio/0072_1.mp3'),(734,7,8,3,NULL,'audio/0073_1.mp3'),(735,7,8,4,NULL,'audio/0074_1.mp3'),(736,7,8,5,NULL,'audio/0075_1.mp3'),(737,7,8,6,NULL,'audio/0076_1.mp3'),(738,7,8,7,NULL,'audio/0077_1.mp3'),(739,7,8,8,NULL,'audio/0078_1.mp3'),(740,7,8,9,NULL,'audio/0079_1.mp3'),(741,7,8,10,NULL,'audio/00710_1.mp3'),(742,7,8,11,NULL,'audio/00711_1.mp3'),(743,7,8,12,NULL,'audio/00712_1.mp3'),(744,7,12,7,NULL,'audio/0127.mp3'),(745,7,10,1,NULL,'audio/0101.mp3'),(746,7,10,2,NULL,'audio/0102.mp3'),(747,7,10,3,NULL,'audio/0103.mp3'),(748,7,10,4,NULL,'audio/0104.mp3'),(749,7,10,5,NULL,'audio/0105.mp3'),(750,7,10,6,NULL,'audio/0106.mp3'),(751,7,10,7,NULL,'audio/0107.mp3'),(752,7,10,8,NULL,'audio/0108.mp3'),(753,7,10,9,NULL,'audio/0109.mp3'),(754,7,10,10,NULL,'audio/01010.mp3'),(755,7,10,11,NULL,'audio/01011.mp3'),(756,7,10,12,NULL,'audio/01012.mp3'),(757,7,10,13,NULL,'audio/010-1.mp3'),(758,7,10,14,NULL,'audio/010-2.mp3'),(759,7,10,15,NULL,'audio/010-3.mp3'),(760,7,10,16,NULL,'audio/010-4.mp3'),(761,7,10,17,NULL,'audio/010-5.mp3'),(762,7,10,18,NULL,'audio/010-6.mp3'),(763,7,10,19,NULL,'audio/010-7.mp3'),(764,7,10,20,NULL,'audio/010-8.mp3'),(765,7,10,21,NULL,'audio/010-9.mp3'),(766,7,10,22,NULL,'audio/010-10.mp3'),(767,7,10,23,NULL,'audio/010-11.mp3'),(768,7,10,24,NULL,'audio/010-12.mp3'),(769,7,12,1,NULL,'audio/0121.mp3'),(770,7,12,2,NULL,'audio/0122.mp3'),(771,7,12,3,NULL,'audio/0123.mp3'),(772,7,12,4,NULL,'audio/0124.mp3'),(773,7,12,5,NULL,'audio/0125.mp3'),(774,7,12,6,NULL,'audio/0126.mp3'),(775,7,12,8,NULL,'audio/0128.mp3'),(776,7,12,9,NULL,'audio/0129.mp3'),(777,7,12,10,NULL,'audio/01210.mp3'),(778,7,12,11,NULL,'audio/01211.mp3'),(779,7,12,12,NULL,'audio/01212.mp3'),(780,7,12,13,NULL,'audio/012-1.mp3'),(781,7,12,14,NULL,'audio/012-2.mp3'),(782,7,12,15,NULL,'audio/012-4.mp3'),(783,7,12,17,NULL,'audio/012-5.mp3'),(784,7,12,18,NULL,'audio/012-6.mp3'),(785,7,12,19,NULL,'audio/012-7.mp3'),(786,7,12,20,NULL,'audio/012-8.mp3'),(787,7,12,21,NULL,'audio/012-9.mp3'),(788,7,12,22,NULL,'audio/012-10.mp3'),(789,7,12,23,NULL,'audio/012-11.mp3'),(790,7,12,24,NULL,'audio/012-12.mp3'),(791,7,13,1,NULL,'audio/0131.mp3'),(792,7,13,2,NULL,'audio/0132.mp3'),(793,7,13,3,NULL,'audio/0133.mp3'),(794,7,13,4,NULL,'audio/013-4.mp3'),(795,7,13,5,NULL,'audio/0135.mp3'),(796,7,13,6,NULL,'audio/0136.mp3'),(797,7,13,7,NULL,'audio/0137.mp3'),(798,7,13,8,NULL,'audio/0138.mp3'),(799,7,13,9,NULL,'audio/0139.mp3'),(800,7,13,10,NULL,'audio/01310.mp3'),(801,7,13,11,NULL,'audio/01311.mp3'),(802,7,13,12,NULL,'audio/01312.mp3'),(803,7,13,13,NULL,'audio/013-1.mp3'),(804,7,13,14,NULL,'audio/013-2.mp3'),(805,7,13,15,NULL,'audio/013-3.mp3'),(806,7,13,16,NULL,'audio/013-4_1.mp3'),(807,7,13,17,NULL,'audio/013-5.mp3'),(808,7,13,18,NULL,'audio/013-6.mp3'),(809,7,13,19,NULL,'audio/013-7.mp3'),(810,7,13,20,NULL,'audio/013-8.mp3'),(811,7,13,21,NULL,'audio/013-9.mp3'),(812,7,13,22,NULL,'audio/013-10_1.mp3'),(813,7,13,23,NULL,'audio/013-11.mp3'),(814,7,13,24,NULL,'audio/013-12.mp3'),(815,7,14,1,NULL,'audio/0141.mp3'),(816,7,14,2,NULL,'audio/0142.mp3'),(817,7,14,3,NULL,'audio/0143.mp3'),(818,7,14,4,NULL,'audio/0144.mp3'),(819,7,14,5,NULL,'audio/0145.mp3'),(820,7,14,6,NULL,'audio/0146.mp3'),(821,7,14,7,NULL,'audio/0147.mp3'),(822,7,14,8,NULL,'audio/0148.mp3'),(823,7,14,9,NULL,'audio/0149.mp3'),(824,7,14,10,NULL,'audio/01410.mp3'),(825,7,14,11,NULL,'audio/01411.mp3'),(826,7,14,12,NULL,'audio/01412.mp3'),(827,7,14,13,NULL,'audio/014-1.mp3'),(828,7,14,14,NULL,'audio/014-2.mp3'),(829,7,14,15,NULL,'audio/014-3.mp3'),(830,7,14,16,NULL,'audio/014-4.mp3'),(831,7,14,17,NULL,'audio/014-5.mp3'),(832,7,14,18,NULL,'audio/014-6.mp3'),(833,7,14,19,NULL,'audio/014-7.mp3'),(834,7,14,20,NULL,'audio/014-8.mp3'),(835,7,14,21,NULL,'audio/014-9.mp3'),(836,7,14,22,NULL,'audio/014-10.mp3'),(837,7,14,23,NULL,'audio/014-11.mp3'),(838,7,14,24,NULL,'audio/014-12.mp3'),(839,7,15,24,NULL,'audio/015-12.mp3'),(840,7,16,1,NULL,'audio/0161.mp3'),(841,7,16,18,NULL,'audio/016-6_1.mp3'),(842,7,16,5,NULL,'audio/0165_1.mp3'),(843,7,16,11,NULL,'audio/01611_1.mp3'),(844,7,16,3,NULL,'audio/0163_1.mp3'),(845,7,16,10,NULL,'audio/01610_1.mp3'),(846,7,16,24,NULL,'audio/016-12_1.mp3'),(847,7,16,17,NULL,'audio/016-5_1.mp3'),(848,7,16,9,NULL,'audio/0169_1.mp3'),(849,7,16,2,NULL,'audio/0162_1.mp3'),(850,7,16,14,NULL,'audio/016-2_1.mp3'),(851,7,16,13,NULL,'audio/016-1.mp3'),(852,7,16,20,NULL,'audio/016-8.mp3'),(853,7,16,8,NULL,'audio/0168.mp3'),(854,7,16,23,NULL,'audio/016-11.mp3'),(855,7,16,19,NULL,'audio/016-7.mp3'),(856,7,16,4,NULL,'audio/0164.mp3'),(857,7,16,16,NULL,'audio/016-4.mp3'),(858,7,16,7,NULL,'audio/0167.mp3'),(859,7,16,22,NULL,'audio/016-10.mp3'),(860,7,16,21,NULL,'audio/016-9.mp3'),(861,7,16,12,NULL,'audio/01612.mp3'),(862,7,16,6,NULL,'audio/0166.mp3'),(863,7,16,15,NULL,'audio/016-3.mp3'),(864,7,17,1,NULL,'audio/0171.mp3'),(865,7,17,7,NULL,'audio/0177.mp3'),(866,7,17,11,NULL,'audio/01711.mp3'),(867,7,17,3,NULL,'audio/0173.mp3'),(868,7,17,17,NULL,'audio/017-5.mp3'),(869,7,17,22,NULL,'audio/017-10.mp3'),(870,7,17,9,NULL,'audio/0179.mp3'),(871,7,17,12,NULL,'audio/01712.mp3'),(872,7,17,10,NULL,'audio/01710.mp3'),(873,7,17,14,NULL,'audio/017-2.mp3'),(874,7,17,15,NULL,'audio/017-3.mp3'),(875,7,17,18,NULL,'audio/017-6.mp3'),(876,7,17,16,NULL,'audio/017-4.mp3'),(877,7,17,4,NULL,'audio/0174.mp3'),(878,7,17,20,NULL,'audio/017-8.mp3'),(879,7,17,24,NULL,'audio/017-12.mp3'),(880,7,17,21,NULL,'audio/017-9.mp3'),(881,7,17,5,NULL,'audio/0175.mp3'),(882,7,17,8,NULL,'audio/0178.mp3'),(883,7,17,23,NULL,'audio/017-11.mp3'),(884,7,17,19,NULL,'audio/017-7.mp3'),(885,7,17,6,NULL,'audio/0176.mp3'),(886,7,17,13,NULL,'audio/017-1.mp3'),(887,7,17,2,NULL,'audio/0172.mp3'),(888,7,18,1,NULL,'audio/0181.mp3'),(889,7,18,14,NULL,'audio/018-2.mp3'),(890,7,18,6,NULL,'audio/0186.mp3'),(891,7,18,16,NULL,'audio/018-4.mp3'),(892,7,18,24,NULL,'audio/018-12.mp3'),(893,7,18,23,NULL,'audio/018-11.mp3'),(894,7,18,10,NULL,'audio/01810.mp3'),(895,7,18,21,NULL,'audio/018-9.mp3'),(896,7,18,13,NULL,'audio/018-1.mp3'),(897,7,18,20,NULL,'audio/018-8.mp3'),(898,7,18,12,NULL,'audio/01812.mp3'),(899,7,18,2,NULL,'audio/0182.mp3'),(900,7,18,17,NULL,'audio/018-5.mp3'),(901,7,18,5,NULL,'audio/0185.mp3'),(902,7,18,4,NULL,'audio/0184.mp3'),(903,7,18,19,NULL,'audio/018-7.mp3'),(904,7,18,3,NULL,'audio/0183.mp3'),(905,7,18,8,NULL,'audio/0188.mp3'),(906,7,18,9,NULL,'audio/0189.mp3'),(907,7,18,7,NULL,'audio/0187.mp3'),(908,7,18,22,NULL,'audio/018-10.mp3'),(909,7,18,15,NULL,'audio/018-3.mp3'),(910,7,18,18,NULL,'audio/018-6.mp3'),(911,7,18,11,NULL,'audio/01811.mp3'),(912,7,19,18,NULL,'audio/019-6.mp3'),(913,7,19,14,NULL,'audio/019-2.mp3'),(914,7,19,20,NULL,'audio/019-8.mp3'),(915,7,19,10,NULL,'audio/01910.mp3'),(916,7,19,3,NULL,'audio/0193.mp3'),(917,7,19,7,NULL,'audio/0197.mp3'),(918,7,19,4,NULL,'audio/0194.mp3'),(919,7,19,23,NULL,'audio/019-11.mp3'),(920,7,19,5,NULL,'audio/0195.mp3'),(921,7,19,9,NULL,'audio/0199.mp3'),(922,7,19,6,NULL,'audio/0196.mp3'),(923,7,19,15,NULL,'audio/019-3.mp3'),(924,7,19,12,NULL,'audio/01912.mp3'),(925,7,19,8,NULL,'audio/0198.mp3'),(926,7,19,19,NULL,'audio/019-7.mp3'),(927,7,19,17,NULL,'audio/019-5.mp3'),(928,7,19,21,NULL,'audio/019-9.mp3'),(929,7,19,1,NULL,'audio/0191.mp3'),(930,7,19,11,NULL,'audio/01911.mp3'),(931,7,19,24,NULL,'audio/019-12.mp3'),(932,7,19,13,NULL,'audio/019-1.mp3'),(933,7,19,2,NULL,'audio/0192.mp3'),(934,7,19,16,NULL,'audio/019-4.mp3'),(935,7,19,22,NULL,'audio/019-10.mp3'),(936,7,20,8,NULL,'audio/0208.mp3'),(937,7,20,13,NULL,'audio/020-1.mp3'),(938,7,20,11,NULL,'audio/02011.mp3'),(939,7,20,17,NULL,'audio/020-5.mp3'),(940,7,20,10,NULL,'audio/02010.mp3'),(941,7,20,21,NULL,'audio/020-9.mp3'),(942,7,20,5,NULL,'audio/0205.mp3'),(943,7,20,9,NULL,'audio/0209.mp3'),(944,7,20,18,NULL,'audio/020-6.mp3'),(945,7,20,2,NULL,'audio/0202.mp3'),(946,7,20,12,NULL,'audio/02012.mp3'),(947,7,20,15,NULL,'audio/020-3.mp3'),(948,7,20,6,NULL,'audio/0206.mp3'),(949,7,20,24,NULL,'audio/020-12.mp3'),(950,7,20,19,NULL,'audio/020-7.mp3'),(951,7,20,1,NULL,'audio/0201.mp3'),(952,7,20,4,NULL,'audio/0204.mp3'),(953,7,20,23,NULL,'audio/020-11.mp3'),(954,7,20,7,NULL,'audio/0207.mp3'),(955,7,20,22,NULL,'audio/020-10.mp3'),(956,7,20,16,NULL,'audio/020-4.mp3'),(957,7,20,20,NULL,'audio/020-8.mp3'),(958,7,20,3,NULL,'audio/0203.mp3'),(959,7,20,14,NULL,'audio/020-2.mp3'),(960,7,21,2,NULL,'audio/0212.mp3'),(961,7,21,1,NULL,'audio/0211.mp3'),(962,7,21,15,NULL,'audio/021-3.mp3'),(963,7,21,18,NULL,'audio/021-6.mp3'),(964,7,21,10,NULL,'audio/02110.mp3'),(965,7,21,11,NULL,'audio/02111.mp3'),(966,7,21,16,NULL,'audio/021-4.mp3'),(967,7,21,8,NULL,'audio/0218.mp3'),(968,7,21,3,NULL,'audio/0213.mp3'),(969,7,21,13,NULL,'audio/021-1.mp3'),(970,7,21,6,NULL,'audio/0216.mp3'),(971,7,21,14,NULL,'audio/021-2.mp3'),(972,7,21,5,NULL,'audio/0215.mp3'),(973,7,21,7,NULL,'audio/0217.mp3'),(974,7,21,21,NULL,'audio/021-9.mp3'),(975,7,21,4,NULL,'audio/0214.mp3'),(976,7,21,22,NULL,'audio/021-10.mp3'),(977,7,21,24,NULL,'audio/021-12.mp3'),(978,7,21,12,NULL,'audio/02112.mp3'),(979,7,21,9,NULL,'audio/0219.mp3'),(980,7,21,23,NULL,'audio/021-11.mp3'),(981,7,21,20,NULL,'audio/021-8.mp3'),(982,7,21,19,NULL,'audio/021-7.mp3'),(983,7,21,17,NULL,'audio/021-5.mp3'),(984,7,15,8,NULL,'audio/0158.mp3'),(985,7,15,11,NULL,'audio/01511.mp3'),(986,7,15,21,NULL,'audio/015-9.mp3'),(987,7,15,7,NULL,'audio/0157.mp3'),(988,7,15,19,NULL,'audio/015-7.mp3'),(989,7,15,12,NULL,'audio/01512.mp3'),(990,7,15,16,NULL,'audio/015-4.mp3'),(991,7,15,4,NULL,'audio/0154.mp3'),(992,7,15,20,NULL,'audio/015-8.mp3'),(993,7,15,23,NULL,'audio/015-11.mp3'),(994,7,15,5,NULL,'audio/0155.mp3'),(995,7,15,9,NULL,'audio/0159.mp3'),(996,7,15,3,NULL,'audio/0153.mp3'),(997,7,15,13,NULL,'audio/015-1.mp3'),(998,7,15,22,NULL,'audio/015-10.mp3'),(999,7,15,2,NULL,'audio/0152.mp3'),(1000,7,15,1,NULL,'audio/0151.mp3'),(1001,7,15,10,NULL,'audio/01510.mp3'),(1002,7,15,17,NULL,'audio/015-5.mp3'),(1003,7,15,18,NULL,'audio/015-6.mp3'),(1004,7,15,15,NULL,'audio/015-3.mp3'),(1005,7,15,6,NULL,'audio/0156.mp3'),(1006,7,15,14,NULL,'audio/015-2.mp3'),(1007,7,36,1,NULL,''),(1077,7,23,23,NULL,'audio/023-11_3.mp3'),(1076,7,23,2,NULL,'audio/0232_3.mp3'),(1074,7,23,11,NULL,'audio/02311_3.mp3'),(1072,7,23,4,NULL,'audio/0234_3.mp3'),(1071,7,23,15,NULL,'audio/023-3_3.mp3'),(1070,7,23,21,NULL,'audio/023-9_3.mp3'),(1069,7,23,14,NULL,'audio/023-2_3.mp3'),(1068,7,23,20,NULL,'audio/023-8_3.mp3'),(1066,7,23,3,NULL,'audio/0233_3.mp3'),(1064,7,23,9,NULL,'audio/0239_3.mp3'),(1063,7,23,18,NULL,'audio/023-6_3.mp3'),(1062,7,23,6,NULL,'audio/0236_3.mp3'),(1060,7,23,17,NULL,'audio/023-5_3.mp3'),(1058,7,23,12,NULL,'audio/02312_3.mp3'),(1057,7,23,7,NULL,'audio/0237_3.mp3'),(1056,7,23,8,NULL,'audio/0238_3.mp3'),(1032,7,24,14,NULL,'audio/024-2_1.mp3'),(1033,7,24,24,NULL,'audio/024-12_1.mp3'),(1034,7,24,8,NULL,'audio/0248_1.mp3'),(1035,7,24,20,NULL,'audio/024-8_1.mp3'),(1036,7,24,3,NULL,'audio/0243_1.mp3'),(1037,7,24,7,NULL,'audio/0247_1.mp3'),(1038,7,24,18,NULL,'audio/024-6_1.mp3'),(1039,7,24,19,NULL,'audio/024-7_1.mp3'),(1040,7,24,5,NULL,'audio/0245_1.mp3'),(1041,7,24,12,NULL,'audio/02412_1.mp3'),(1042,7,24,13,NULL,'audio/024-1_1.mp3'),(1043,7,24,17,NULL,'audio/024-5_1.mp3'),(1044,7,24,2,NULL,'audio/0242_1.mp3'),(1045,7,24,21,NULL,'audio/024-9_1.mp3'),(1046,7,24,4,NULL,'audio/0244_1.mp3'),(1047,7,24,15,NULL,'audio/024-3_1.mp3'),(1048,7,24,10,NULL,'audio/02410_1.mp3'),(1049,7,24,6,NULL,'audio/0246_1.mp3'),(1050,7,24,1,NULL,'audio/0241_1.mp3'),(1051,7,24,11,NULL,'audio/02411_1.mp3'),(1052,7,24,9,NULL,'audio/0249_1.mp3'),(1053,7,24,22,NULL,'audio/024-10_1.mp3'),(1054,7,24,23,NULL,'audio/024-11_1.mp3'),(1055,7,24,16,NULL,'audio/024-4_1.mp3'),(1075,7,23,10,NULL,'audio/02310_3.mp3'),(1073,7,23,5,NULL,'audio/0235_3.mp3'),(1059,7,23,13,NULL,'audio/023-1_3.mp3'),(1065,7,23,16,NULL,'audio/023-4_3.mp3'),(1067,7,23,24,NULL,'audio/023-12_3.mp3'),(1061,7,23,19,NULL,'audio/023-7_3.mp3'),(1078,7,23,1,NULL,'audio/0231_3.mp3'),(1079,7,23,22,NULL,'audio/023-10_3.mp3'),(1080,7,26,12,NULL,'audio/02612.mp3'),(1081,7,26,3,NULL,'audio/0263.mp3'),(1082,7,26,10,NULL,'audio/02610.mp3'),(1083,7,26,21,NULL,'audio/026-9.mp3'),(1084,7,26,11,NULL,'audio/02611.mp3'),(1085,7,26,24,NULL,'audio/026-12.mp3'),(1086,7,26,8,NULL,'audio/0268.mp3'),(1087,7,26,1,NULL,'audio/0261.mp3'),(1088,7,26,16,NULL,'audio/026-4.mp3'),(1089,7,26,22,NULL,'audio/026-10.mp3'),(1090,7,26,13,NULL,'audio/026-1.mp3'),(1091,7,26,6,NULL,'audio/0266.mp3'),(1092,7,26,19,NULL,'audio/026-7.mp3'),(1093,7,26,17,NULL,'audio/026-5.mp3'),(1094,7,26,23,NULL,'audio/026-11.mp3'),(1095,7,26,5,NULL,'audio/0265.mp3'),(1096,7,26,7,NULL,'audio/0267.mp3'),(1097,7,26,2,NULL,'audio/0262.mp3'),(1098,7,26,18,NULL,'audio/026-6.mp3'),(1099,7,26,14,NULL,'audio/026-2.mp3'),(1100,7,26,9,NULL,'audio/0269.mp3'),(1101,7,26,4,NULL,'audio/0264.mp3'),(1102,7,26,15,NULL,'audio/026-3.mp3'),(1103,7,26,20,NULL,'audio/026-8.mp3'),(1104,7,30,21,NULL,'audio/030-9.mp3'),(1105,7,30,3,NULL,'audio/0303.mp3'),(1106,7,30,9,NULL,'audio/0309.mp3'),(1107,7,30,14,NULL,'audio/030-2.mp3'),(1108,7,30,22,NULL,'audio/030-10.mp3'),(1109,7,30,19,NULL,'audio/030-7.mp3'),(1110,7,30,16,NULL,'audio/030-4.mp3'),(1111,7,30,5,NULL,'audio/0305.mp3'),(1112,7,30,20,NULL,'audio/030-8.mp3'),(1113,7,30,18,NULL,'audio/030-6.mp3'),(1114,7,30,4,NULL,'audio/0304.mp3'),(1115,7,30,6,NULL,'audio/0306.mp3'),(1116,7,30,1,NULL,'audio/0301.mp3'),(1117,7,30,23,NULL,'audio/030-11.mp3'),(1118,7,30,24,NULL,'audio/030-12.mp3'),(1119,7,30,15,NULL,'audio/030-3.mp3'),(1120,7,30,11,NULL,'audio/03011.mp3'),(1121,7,30,10,NULL,'audio/03010.mp3'),(1122,7,30,13,NULL,'audio/030-1.mp3'),(1123,7,30,12,NULL,'audio/03012.mp3'),(1124,7,30,2,NULL,'audio/0302.mp3'),(1125,7,30,8,NULL,'audio/0308.mp3'),(1126,7,30,7,NULL,'audio/0307.mp3'),(1127,7,30,17,NULL,'audio/030-5.mp3');

--
-- Table structure for table `main_savedprediction`
--

CREATE TABLE `main_savedprediction` (
  `id` int(11) NOT NULL AUTO_INCREMENT,
  `user_id` int(11) NOT NULL,
  `question` longtext NOT NULL,
  `text` longtext NOT NULL,
  `date` datetime NOT NULL,
  PRIMARY KEY (`id`)
) ENGINE=MyISAM AUTO_INCREMENT=22 DEFAULT CHARSET=utf8;

--
-- Dumping data for table `main_savedprediction`
--

INSERT INTO `main_savedprediction` VALUES (1,10,'Как?','asdfasd aswd asdf ','2012-08-24 21:03:20'),(2,2,'asdfasdf','dfhjghlg fhjh sdfgag','2012-08-24 21:34:12'),(3,2,'asdfasdf','dfhjghlg fhjh sdfgag','2012-08-24 21:34:52'),(4,2,'asdfasdf','dfhjghlg fhjh sdfgag','2012-08-24 21:36:43'),(5,2,'asdfasdf','dfhjghlg fhjh sdfgag','2012-08-24 21:37:13'),(6,2,'asdfasdf','dfhjghlg fhjh sdfgag','2012-08-24 21:38:43'),(7,11,'фывафыва','asdfasd aswd asdf ','2012-08-24 23:33:09'),(8,11,'asdfasdf','asdfasdfasdf','2012-08-24 23:34:09'),(9,11,'asdfasdfas','sdfgdgfjghlhjl','2012-08-24 23:34:09'),(10,11,'qwerdfhcncvnmghj','sdfg684er25132sdfhg','2012-08-24 23:34:09'),(11,11,'qwe;l\'amsd gsdflmhwt','sdfg we;\'lgk s;dlmfg; /s.dmg','2012-08-24 23:34:09'),(12,11,'asdf asdf 3as45d3f a5s4f','asdf a.sdfh alskhdf as','2012-08-24 23:34:09'),(13,11,'qwerwqr','sdfg sdfg sdg ','2012-08-24 23:34:09'),(14,11,'qwer qwe','sdfg sd g','2012-08-24 23:34:09'),(15,11,'asdf asdf asf','dfghn sdfgag','2012-08-24 23:34:09'),(16,11,'qwettwert fg sdfg ','dfg jrtyukt6uk4653','2012-08-24 23:34:09'),(17,11,'Пробуем','asdfasd aswd asdf ','2012-08-25 08:16:43'),(18,11,'Пробуем','asdfasd aswd asdf ','2012-08-25 08:19:14'),(19,12,'вася?','Если в начале самоописания наличествует эпатажное сообщение, мифопоэтическое пространство потенциально. Аллегория просветляет былинный символ, об этом свидетельствуют краткость и завершенность формы, бессюжетность, своеобразие тематического развертывания. В отличие от произведений поэтов барокко, различное расположение редуцирует музыкальный амфибрахий, туда же попадает и еще недавно вызывавший безусловную симпатию гетевский Вертер. Лирический субъект неумеренно аннигилирует урбанистический стиль, и это придает ему свое звучание, свой характер. Синхрония, несмотря на то, что все эти характерологические черты отсылают не к единому образу нарратора, иллюстрирует былинный генезис свободного стиха, что связано со смысловыми оттенками, логическим выделением или с синтаксической омонимией.\r\n\r\nДиахрония отталкивает метафоричный акцент и передается в этом стихотворении Донна метафорическим образом циркуля. Гекзаметр жизненно осознаёт резкий замысел, хотя в существование или актуальность этого он не верит, а моделирует собственную реальность. После того как тема сформулирована, комбинаторное приращение отталкивает реципиент, но не рифмами. Анжамбеман интуитивно понятен.\r\n\r\nКак мы уже знаем, познание текста прекрасно аннигилирует прозаический образ, что связано со смысловыми оттенками, логическим выделением или с синтаксической омонимией. Генеративная поэтика вероятна. Все это и побудило нас обратить внимание на то, что механизм сочленений неизменяем. Диахрония, в первом приближении, вероятна. Все это и побудило нас обратить внимание на то, что ритмический рисунок интуитивно понятен.','2012-08-26 11:15:44'),(20,15,'Есть ли жизнь на Марсе?','Если в начале самоописания наличествует эпатажное сообщение, мифопоэтическое пространство потенциально. Аллегория просветляет былинный символ, об этом свидетельствуют краткость и завершенность формы, бессюжетность, своеобразие тематического развертывания. В отличие от произведений поэтов барокко, различное расположение редуцирует музыкальный амфибрахий, туда же попадает и еще недавно вызывавший безусловную симпатию гетевский Вертер. Лирический субъект неумеренно аннигилирует урбанистический стиль, и это придает ему свое звучание, свой характер. Синхрония, несмотря на то, что все эти характерологические черты отсылают не к единому образу нарратора, иллюстрирует былинный генезис свободного стиха, что связано со смысловыми оттенками, логическим выделением или с синтаксической омонимией.\n\nДиахрония отталкивает метафоричный акцент и передается в этом стихотворении Донна метафорическим образом циркуля. Гекзаметр жизненно осознаёт резкий замысел, хотя в существование или актуальность этого он не верит, а моделирует собственную реальность. После того как тема сформулирована, комбинаторное приращение отталкивает реципиент, но не рифмами. Анжамбеман интуитивно понятен.\n\nКак мы уже знаем, познание текста прекрасно аннигилирует прозаический образ, что связано со смысловыми оттенками, логическим выделением или с синтаксической омонимией. Генеративная поэтика вероятна. Все это и побудило нас обратить внимание на то, что механизм сочленений неизменяем. Диахрония, в первом приближении, вероятна. Все это и побудило нас обратить внимание на то, что ритмический рисунок интуитивно понятен.','2012-08-26 15:38:50'),(21,12,'когда енот начнет спать?','Если в начале самоописания наличествует эпатажное сообщение, мифопоэтическое пространство потенциально. Аллегория просветляет былинный символ, об этом свидетельствуют краткость и завершенность формы, бессюжетность, своеобразие тематического развертывания. В отличие от произведений поэтов барокко, различное расположение редуцирует музыкальный амфибрахий, туда же попадает и еще недавно вызывавший безусловную симпатию гетевский Вертер. Лирический субъект неумеренно аннигилирует урбанистический стиль, и это придает ему свое звучание, свой характер. Синхрония, несмотря на то, что все эти характерологические черты отсылают не к единому образу нарратора, иллюстрирует былинный генезис свободного стиха, что связано со смысловыми оттенками, логическим выделением или с синтаксической омонимией.\r\n\r\nДиахрония отталкивает метафоричный акцент и передается в этом стихотворении Донна метафорическим образом циркуля. Гекзаметр жизненно осознаёт резкий замысел, хотя в существование или актуальность этого он не верит, а моделирует собственную реальность. После того как тема сформулирована, комбинаторное приращение отталкивает реципиент, но не рифмами. Анжамбеман интуитивно понятен.\r\n\r\nКак мы уже знаем, познание текста прекрасно аннигилирует прозаический образ, что связано со смысловыми оттенками, логическим выделением или с синтаксической омонимией. Генеративная поэтика вероятна. Все это и побудило нас обратить внимание на то, что механизм сочленений неизменяем. Диахрония, в первом приближении, вероятна. Все это и побудило нас обратить внимание на то, что ритмический рисунок интуитивно понятен.','2012-09-23 18:14:52');

--
-- Table structure for table `south_migrationhistory`
--

CREATE TABLE `south_migrationhistory` (
  `id` int(11) NOT NULL AUTO_INCREMENT,
  `app_name` varchar(255) NOT NULL,
  `migration` varchar(255) NOT NULL,
  `applied` datetime NOT NULL,
  PRIMARY KEY (`id`)
) ENGINE=InnoDB AUTO_INCREMENT=4 DEFAULT CHARSET=utf8;

--
-- Dumping data for table `south_migrationhistory`
--

INSERT INTO `south_migrationhistory` VALUES (1,'main','0001_initial','2013-02-14 03:56:30'),(2,'main','0002_auto__add_field_prediction_audio','2013-02-14 04:06:21'),(3,'main','0003_auto__chg_field_prediction_text','2013-02-14 04:22:11');


